= 11*p + 5. Let u(m) = 10*m + 6. Let g(k) = -5*c(k) + 4*u(k). Suppose -2*l + 1 = -3*l. What is g(l)?
14
Let k(l) be the second derivative of l**8/6720 + l**7/360 + l**6/90 + l**5/15 - l**4/4 + 3*l. Let j(s) be the third derivative of k(s). What is j(-6)?
-4
Let x(k) = k**2 + 11*k + 9. Suppose -23*f - 50 = -18*f. Calculate x(f).
-1
Let w(q) be the third derivative of 1/3*q**3 + q**2 - 1/60*q**5 + 0 + 1/120*q**6 + 0*q - 1/6*q**4. Calculate w(3).
8
Let i(m) = m**3 + 3*m**2 + 2*m - 4. Let y = -5 + 2. Calculate i(y).
-10
Let q(c) = c**3 - 4*c**2 - 5*c - 3. Let h be q(5). Let f(l) = -4*l**3. Let v(t) = -11*t**3. Let i(a) = h*v(a) + 8*f(a). Calculate i(-1).
-1
Let u(i) = -i. Let b(o) = 3*o + 7. Suppose 6*l + 4*s = 2*l + 20, -3*s = -5*l - 7. Let k(g) = l*b(g) + 5*u(g). Calculate k(6).
-5
Suppose 5*n - 2*m + 12 = 0, 0*m + 4*m + 6 = -5*n. Let c(k) = k - 1. Let u be c(-3). Let w = n - u. Let f(y) = -3*y. Determine f(w).
-6
Suppose -t = 3*d - 19, -36 = -5*d - 11. Let y(s) be the first derivative of s**3/3 - s**2 - 2*s + 10. Calculate y(t).
6
Let o(r) = 1 - 5*r - 9*r**2 + 1 + 2*r**2 - r**3. Suppose 2*l - l = 30. Suppose -4*k - k - l = 0. What is o(k)?
-4
Let i be (-15)/(-5)*(-9)/(-3). Let j(v) = -v**2 + 10*v - 6. What is j(i)?
3
Let j(b) = 2*b**2 - 21*b + 17. Let i(n) = -3*n**2 + 32*n - 26. Let o(g) = -5*i(g) - 8*j(g). Determine o(8).
-6
Let g(y) = -y - 4. Let s be g(-6). Let v = 3 - s. Let f(i) be the second derivative of 3*i**5/10 + i**3/6 - i**2/2 + 2*i. Give f(v).
6
Let i be (0/1)/(4 - 7). Let k(s) be the first derivative of s**3/3 + 4*s + 1. Calculate k(i).
4
Suppose o + 6 = 1. Let v(i) = -9*i + 5. Let n(j) = 3*j - 2. Let m(z) = -17*n(z) - 6*v(z). Determine m(o).
-11
Let k(a) = -3*a + 7. Let s = 4 + 2. Calculate k(s).
-11
Let x(o) = o**2 + 12*o + 14. Let m be x(-10). Let c(w) = 1 - 2*w - 2 + w. Give c(m).
5
Let p(n) = n**3 + 4*n**2 - 2*n - 1. Suppose 3*w + 6 = -2*s, 3*w + 9 = 4*s - 15. Determine p(w).
7
Let h(i) = -4*i**2 - 1. Let g(f) be the first derivative of -f**3/3 - f + 7. Let l(x) = -3*g(x) + h(x). What is l(-2)?
-2
Suppose -a + 3*a = -3*o + 11, -3*a + 3 = 0. Let s(m) = 6*m - 3. Calculate s(o).
15
Let m(o) = -o**2 - o + 5. Let j be m(0). Let i be (j + -10)/(-1 + 0). Suppose 3*a + p - 3*p - i = 0, 13 = -5*a - 2*p. Let h(f) = -f**2 + f + 1. Determine h(a).
-1
Suppose -w + x + 0*x = -6, 2*w - 3*x = 16. Let s = -7 + 13. Let z = w - s. Let g(u) = u**2 + 5*u + 3. What is g(z)?
-1
Let c be (10/(-6))/(((-10)/15)/(-2)). Let i(q) = -q**3 + 8*q**2 + 4*q + 1. Let u(n) = 3*n**3 - 17*n**2 - 9*n - 3. Let z(d) = 5*i(d) + 2*u(d). Calculate z(c).
14
Let x(t) = 5*t - 1 - 8 + 10 + t**2 + 2. Calculate x(-6).
9
Suppose -2*a + 2*z + 10 = 0, 5*z + 13 = 5*a + 4*z. Suppose 14 = -a*h + 4*h. Let r(m) = -m + 3. Calculate r(h).
-4
Let h be 1 + (-6)/2 + -1. Let r(q) = q**2 + 2*q. Determine r(h).
3
Let z(b) = -b**2 - 3*b - 3. Let r(c) = -3*c**2 - 9*c - 9. Let u(x) = 2*r(x) - 7*z(x). Suppose 5*f + 22 + 13 = 0. Let n = f - -5. Give u(n).
1
Let m(p) = p**3 - p**2 - 9*p - 1. Let u be m(4). Let l(k) = -u*k**3 - 4*k**2 + 2*k + 6*k**3 - 2 + 4*k**3. Calculate l(-4).
-10
Let x(k) = k**2 - 9*k + 3. Let m be x(9). Suppose -s = -m*s. Let n(w) = w**2 + w + 7. What is n(s)?
7
Let m = -25 - -22. Let x(u) = -10*u - 4*u**2 - u**3 + 10*u. Determine x(m).
-9
Let b(q) = -6*q**3 - 2*q**2 + 1. Let x(v) = v**2 + 15*v + 37. Let g be x(-12). Give b(g).
-7
Let n = -28 - -23. Let u(q) = -q - 1. Give u(n).
4
Let q(u) = u**3 - 5*u**2 + 5*u - 3. Let t(s) = -2*s**2 - 6. Let y be t(0). Let d be (2/y - 1)*-3. Calculate q(d).
1
Suppose 108 = -5*s + 13. Let y = 23 - 36. Let v = s - y. Let g(c) = -c**3 - 6*c**2 + c + 1. What is g(v)?
-5
Let r(k) = k**2 + 3*k - 4. Let q be 3/((-1)/((-8)/(-6))). Let c be r(q). Let u(l) = 7*l + 1. Let y(g) = 3*g. Let a(b) = -2*u(b) + 5*y(b). Determine a(c).
-2
Let z(x) = -1 - 4 - 3 + x. Determine z(4).
-4
Let m(d) = 1. Suppose -f - 3 = s - 4*f, -2 = -2*f. Suppose 3*l + 0 + 3 = s. Let h(o) = o + 10. Let r(t) = l*h(t) + 4*m(t). Calculate r(-5).
-1
Let p(d) = -1 - 3*d + 4*d + 7. Let k be p(-3). Let l(u) = -2*u + 4. Give l(k).
-2
Let z(m) = m**2 - 3*m + 3. Let j(s) = -17*s - 2. Let y be j(-3). Suppose 13 = 3*n + y. Let h be 3/((-9)/n) - 1. Give z(h).
3
Let t(h) = -7*h**3 + 21*h**2 + 10*h + 13. Let m(f) = -4*f**3 - 10*f**2 - 5*f + 0*f**2 - 6 + 2*f**3 + 5*f**3. Let z(g) = 9*m(g) + 4*t(g). Determine z(-5).
-2
Let a be -2*1 + 4 - 5. Let y(c) be the third derivative of 0 - 2*c**2 + 0*c - 1/24*c**4 - 1/2*c**3. Determine y(a).
0
Let t(v) = v**2 + 7*v + 3. Let f = 10 - 17. Let g be t(f). Let o(z) = g*z - 2 + 3 - 7. Calculate o(4).
6
Let c(g) = g**3 + 3*g**2 - 7*g - 5. Suppose 0 = -5*f - 4*a - 20, 2*a + 8 = -2*f - 0*f. What is c(f)?
7
Suppose 2*n = -0 + 2, 3*g + 4*n - 10 = 0. Let k(r) be the second derivative of 3/2*r**g - 1/3*r**3 + 0 + 2*r. Give k(-3).
9
Let o(b) = b**3 + 9*b**2 + 8. Let k be o(-9). Let p(x) = k*x + 5 - 10*x - 6. Determine p(2).
-5
Let p(z) = z**2 - 7*z - 2. Let x be p(7). Let b = -1 - x. Suppose 3*o + 2 = -b. Let j(a) = 5*a**2. What is j(o)?
5
Let y(a) = -3*a**2 + 8*a. Let o(r) = -7 + 2*r**2 - 7*r + 7. Let k(n) = 4*o(n) + 3*y(n). Give k(-3).
3
Let c = -18 + 23. Suppose 2*n = -c*v + 31, -4*v + 7 = -n - 10. Let t(w) = w**3 - 6*w**2 + 7*w - 6. What is t(v)?
4
Suppose -3*k - 5 = 4. Let v be (k - -15) + (-1 - 1). Suppose v = z + r, -4*z + r + r = -10. Let w(u) = u**3 - 6*u**2 + 7*u - 2. Determine w(z).
8
Let s = -13 - -8. Let g(q) be the first derivative of q**6/360 + 7*q**5/120 + 7*q**4/24 - 2*q**3/3 + 1. Let v(c) be the third derivative of g(c). What is v(s)?
-3
Let k(p) = 7*p - 2*p**2 + 4*p**2 + 0*p**2 + 6 - p**2. Determine k(-4).
-6
Let o(v) be the third derivative of -v**6/120 + v**5/15 - v**4/6 + v**3/2 + 3*v**2. Let g be (-2 + 4)/(4/(-10)). Let q be 4/5*g/(-2). Give o(q).
3
Let k(z) = -6 - 8 - 9*z**2 + 24 - z - 9. Determine k(1).
-9
Let b(y) = -22*y + 1. Let s be b(1). Let z = 11 + s. Let l = 8 + z. Let i(c) = c**2. What is i(l)?
4
Suppose -3*t - 4 = -2*c + 4, -t - c = -4. Let b(z) = 4 - z - 6 - 3 - 2. Determine b(t).
-7
Let y(v) be the second derivative of -2*v**3/3 - 5*v**2/2 - 2*v. Give y(-4).
11
Let l(w) be the third derivative of w**4/8 + w**3/6 + 10*w**2. Give l(4).
13
Let k(t) = 2*t + t + 0*t. Let w be (2 - 3)/(-2 - -3). What is k(w)?
-3
Suppose 4*o - 24 = -0. Suppose 5*t = -9 - o. Let m(x) = x**3 + 3*x**2 - 3*x - 4. What is m(t)?
5
Suppose -5*o = 3*j + 1, -6 = 3*j - 0. Let p(w) = 0 + 2*w + 0 - o + 2. Suppose -3*s = -5*s - 2. Give p(s).
-1
Let d(j) be the first derivative of j - 2/3*j**3 + 0*j**2 - 3 + 1/2*j**4. Suppose 3*a - 5*y - 23 = 0, 0 = 5*a - 2*y - 6 - 7. Calculate d(a).
1
Let h(n) = -n + 19*n**2 - 16*n**2 + 2*n. Suppose 0 = 4*f - 5*f - 5. Let y be 2/(-5) - 7/f. Calculate h(y).
4
Let j(h) be the third derivative of 0 - 1/6*h**3 + 0*h + 3*h**2 + 1/24*h**4. What is j(0)?
-1
Let k(x) = -4*x - 1 - 5*x**2 + 4*x**2 + 3*x. Let c = 9 - 4. Suppose 3*d + 12 = -4*j, 3*d + 2*d + 20 = -c*j. Calculate k(j).
-1
Let g(s) = 3*s - 2. Let h(o) = o**3 - 8*o**2 + 8*o - 3. Let j be h(7). Let c(l) = l. Let q(x) = j*c(x) - g(x). What is q(-4)?
-2
Suppose -3*i + 1 = -d, 0*d = 4*i + d + 1. Let p(b) be the third derivative of -b**5/60 - b**3/6 - b**2. Determine p(i).
-1
Let b(w) = -w**2 - 9*w - 9. Let k(v) = -4*v + 70. Let g(n) = -n + 23. Let r(j) = -7*g(j) + 2*k(j). Let f be r(-15). Give b(f).
9
Let m(w) = w**2 + 13*w + 9. Let a be m(-11). Let y = a + 8. Let s(d) = -d**2 - 4*d - 1. Calculate s(y).
-6
Let n be 1/(-3) - (-4)/12. Let v(p) be the second derivative of -p**5/20 + p**4/12 - 3*p**2 - 2*p. What is v(n)?
-6
Let w = 17 + -26. Let l be 76/18 + 2/w. Let u(d) = 9*d + 4*d**2 + d**2 + d**3 - l*d - 3. What is u(-4)?
-7
Let p be (44/8 + -4)*4/3. Let g = 0 - -2. Let x(h) = -2*h**p - 4 + g*h**2 - 2 - h**2 + 7*h. What is x(5)?
4
Suppose 4*f + 22 = -3*u, -2*f = -4 + 12. Let r(c) = -2*c**2 - 3*c - 3. Give r(u).
-5
Suppose f = -2*f + 9. Suppose 1 = -t + f. Let p(m) = -5*m**3 + 4*m**2 - 4*m + 6. Let j(a) = 11*a**3 - 9*a**2 + 9*a - 13. Let d(y) = 6*j(y) + 13*p(y). Give d(t).
4
Let v(i) = -i**2 + 5*i - 1. Let f(s) = -s**3 + 2*s**2 + 5*s + 3. Let g be f(4). Let w = g - -15. Determine v(w).
-7
Let n(i) = -i**3 - 17 + 19 - i**2 - 3*i**2 + 0*i**3. What is n(-4)?
2
Suppose 0 = h + 2*s - 1, 4*h